est common divisor of 18 and w.
18
Let y(g) = -3*g. Let d(v) = -3*v + 2. Let w be d(2). Let u be y(w). Let a be (48/(-9))/(-4)*(-54)/(-4). Calculate the highest common factor of a and u.
6
Let z be 1 + 15/(-5) - (-7)/(70/160). Suppose 2*h - 42 - 42 = 0. What is the greatest common divisor of h and z?
14
Suppose 0 = -182*y + 127516 - 4666. Calculate the highest common divisor of 2160 and y.
135
Let m(h) = -27*h - 58. Let l be m(-3). Suppose -p = -w + l - 148, -5*w = p - 95. Calculate the greatest common divisor of p and 72.
24
Let v = 41927 + -39925. What is the greatest common divisor of v and 462?
154
Let u be (4 + 140/(-8))*(-28)/6. Let r = 96 - u. What is the greatest common divisor of r and 3?
3
Let h(o) = -o**3 - o**2 + o - 5. Let s be h(-4). Suppose 4*l - 42 = -3*t, 11207*l = -4*t + 11209*l + 12. Calculate the highest common divisor of s and t.
3
Let a be (-17)/(357/(-112))*(-3)/(-4). Suppose 275 = 3*m - 5*x + x, -m + 105 = -a*x. What is the greatest common factor of 34 and m?
17
Let d be 38/(-32)*-10363 + 6/(-96). Calculate the greatest common divisor of d and 42.
42
Suppose -2*f = -j + 56, 5*f - 22 = -j - 15. Calculate the greatest common factor of j and 560.
14
Suppose -8*v - 116 + 4 = 0. Let b be 9 - 8 - v*2. Calculate the greatest common divisor of 261 and b.
29
Let y be (0 - -1)/(((-9)/(-38))/(-9)). Let a = y - -87. Suppose -735 = 44*u - a*u. Calculate the greatest common divisor of u and 21.
21
Let q(z) = 38*z**2 + 187*z + 2. Let i be q(-5). Calculate the highest common divisor of 85 and i.
17
Suppose 1122 = 4*n - 966. Let b = n - -8. What is the greatest common divisor of b and 53?
53
Suppose 0 = p - 3*p - 4*l + 372, 0 = -3*p + 4*l + 528. Let i = -7429 + 7441. What is the highest common divisor of i and p?
12
Suppose -71029 = -321*s + 30247 + 23914. Calculate the highest common factor of s and 285.
15
Let l = 12 - 9. Let c be l + (-5 + 2 - -1). Suppose 3*h - 14 = -5*a - 1, h + 3*a = -c. What is the highest common divisor of h and 88?
11
Suppose 3*k = 3*i - 15867, -13*k - 21158 = -4*i - 10*k. What is the greatest common factor of 65 and i?
13
Let a = 121 - 91. Let h = -1640 + 1925. What is the greatest common divisor of h and a?
15
Let u = 5304 - 5286. What is the highest common factor of u and 384?
6
Let m be (-18)/(198/55)*(-2 + (-52)/10). What is the highest common factor of 11790 and m?
18
Let g(o) = 2*o**3 - 15*o**2 - 13*o + 32. Let y be g(11). Let c = 824 - y. What is the highest common divisor of c and 32?
8
Let i = -16306 - -16310. Suppose 0 = l - 18 + 17. What is the highest common divisor of i and l?
1
Suppose 5*k = -5*b + 3685 + 18745, -3*b - 4*k + 13456 = 0. Calculate the greatest common factor of 88 and b.
88
Suppose -z + 3*q + 2169 = 0, -z + q - 879 = -3048. Suppose 3306 = 3*c - z. Calculate the highest common factor of c and 73.
73
Suppose 264*r - 311*r + 480 = -5442. Calculate the greatest common factor of 322 and r.
14
Let w(j) = -1831*j - 8955. Let y be w(-5). What is the greatest common divisor of 830 and y?
10
Let r(p) = -p**2 + 47*p - 106. Let l be r(38). Suppose -l + 67 = -13*j. Calculate the greatest common factor of j and 325.
13
Suppose 325*b = 247*b + 9594. Calculate the highest common divisor of 8979 and b.
123
Suppose -4 = -2*h, -70 - 177 = -b - 4*h - 22. Let w(a) = 8*a**2 - 2*a + 3. Let n = -5 - -7. Let g be w(n). Calculate the greatest common divisor of b and g.
31
Suppose -1156*p - 44 = -1188*p + 84. Suppose 0*i - 24 = -2*i. What is the greatest common divisor of p and i?
4
Suppose 83*y - 4244 = -9*y - 1576. What is the greatest common divisor of y and 2929?
29
Suppose 6*s = -228*s + 5382. Let n = -939 - -1399. Suppose 0 = -w - 4*w + n. Calculate the highest common factor of s and w.
23
Let d be -7*34*-1 + 2. Suppose 1194 = 3*h + x + 2*x, -h + 4*x = -408. What is the highest common factor of h and d?
80
Let d = 1 + 3. Suppose 5*l = -3*u + 24, 3 = 5*l - d*u - 0. Let g be 40 + l/((-12)/8). Calculate the highest common divisor of g and 38.
38
Suppose 10990*p + 239904 = 11011*p. What is the greatest common factor of 119 and p?
119
Suppose -4*d + 5*f - 12 = -85, -5*d = f - 113. Suppose 0*k = k - d. Let t be 6/4*k/3. Calculate the highest common factor of 55 and t.
11
Suppose -3*a = -3, 0 = 3*o - 4*a + 128 - 409. Calculate the greatest common divisor of 9 and o.
1
Let f be ((-10528)/336)/((-7)/(5124/8)). Calculate the greatest common factor of 235 and f.
47
Let p = 1238 - 439. Let r = p + -778. What is the highest common divisor of 21 and r?
21
Suppose -5*o = m - 500, 0 = -2*o + 6*o. Suppose -5*h = -20, 0 = 6*g - g + 5*h - m. Calculate the highest common factor of g and 64.
32
Let z(x) = 17*x - 121. Let l be z(5). Let t be (-1224)/l - 1*3. Calculate the highest common factor of t and 341.
31
Let u = 645 - 663. Let t be (-4)/36 + (-1)/u*2396. Calculate the highest common divisor of t and 14.
7
Let j be 6 - 625*(4 + (-66)/15). Let k(v) = 2*v**2 - 8*v. Let z be k(8). What is the greatest common factor of j and z?
64
Let k be (-30)/255 + 2418/34 + (-6)/(-1). What is the highest common divisor of k and 231?
77
Let y(t) = 2*t**2 + 14*t + 37. Let q be y(-3). Suppose 2*u - 60 = -q*u. What is the highest common divisor of u and 4?
4
Suppose -100*s + 5544 = 32*s. Calculate the highest common factor of 4956 and s.
42
Let u(g) = -2*g**2 - 144*g - 290. Let b be u(-69). What is the highest common divisor of b and 527?
31
Let t(z) = -12*z**2 + 11*z + 41. Let o be t(-4). Let h = o + 208. Let k = 117 - 65. Calculate the highest common factor of k and h.
13
Let q be (0 + 2 + -2 - -1) + -143. Let g = -117 - q. What is the greatest common factor of g and 20?
5
Suppose 66361 = 28*r - 14783. Suppose 21*l + 21*l - r = 0. What is the greatest common factor of 23 and l?
23
Let z = -3869 - -4194. What is the greatest common divisor of 221 and z?
13
Suppose 19*y - 50 = -6*y. Suppose -r = -6*l + 11*l - 314, 0 = y*l - 2*r - 116. What is the highest common divisor of l and 496?
62
Suppose -114 + 102 = -2*n + 5*k, 5*k = -5*n + 65. Calculate the greatest common divisor of 1859 and n.
11
Let m(v) = 2*v**3 + 99*v**2 - 3709*v - 82. Let r be m(-74). What is the highest common factor of 24 and r?
12
Let v(t) = -t**2 + t + 15. Suppose -5*q = -7 - 13. Let u be v(q). Suppose -27 + 12 = -u*r. What is the highest common divisor of r and 10?
5
Let y(w) = 4*w**2 + 22*w + 35. Let n be y(-6). Calculate the highest common divisor of 799 and n.
47
Let k be 1 + 77 + 0 + 0. Suppose 0 = -7*s - 268 - 215. Let c = k + s. What is the greatest common factor of c and 45?
9
Suppose 2*s + 479 - 31 = 4*y, -2*s = 4. What is the highest common divisor of 592 and y?
37
Suppose 0 = 10*k + 53 - 473. Let f(i) = -i**2 + 12*i + 15. Let l be f(13). Calculate the greatest common factor of l and k.
2
Let k(c) = 32*c**3 + 8*c**2 - 21*c + 1. Let x be k(3). Suppose 872*g = x*g - 106. Calculate the greatest common divisor of 159 and g.
53
Let k be ((-27)/4)/(-1) + ((-1020)/80 - -12). What is the highest common divisor of 243 and k?
3
Let h(b) = 5*b**3 - 5*b**2 - 123*b + 512. Let j be h(4). What is the greatest common divisor of j and 11050?
130
Let f(p) = -p**2 + 59*p + 91. Let i be f(20). What is the highest common factor of 52 and i?
13
Let h(s) = -3*s + 30. Let d be h(-15). Let g be 2/(-3*-1*(-3)/(-18)). Suppose 77 = g*y + 17. What is the greatest common divisor of y and d?
15
Let h = 120 - 68. Suppose 14*d - 10*d - h = 0. Suppose -v = 6*v - 637. Calculate the greatest common factor of v and d.
13
Suppose -5*o = 5*x - 450, 89*o - 2*x = 87*o + 184. Calculate the highest common factor of 679 and o.
7
Let i = 2964 + -2590. Let y(p) = 27*p**2 + 3*p. Let n be y(-2). Calculate the greatest common divisor of n and i.
34
Suppose 2*o - 196 = y - 4*y, -5*o = -10. Let k = y + -31. What is the highest common factor of 77 and k?
11
Let l(f) = -2*f + 43. Let m be l(23). Let j be (-6 + (0 - m))*-1 - -4. Suppose -j = -4*w + 21. Calculate the highest common divisor of w and 14.
7
Let v(k) = 2*k**3 - 27*k**2 + 62*k - 42. Let g be v(11). Let x be ((-2)/((-4)/19))/(1/70). Calculate the greatest common factor of x and g.
35
Let w = 108 - -198. Let f(a) = -3*a**2 - 38*a - 70. Let n be f(-4). What is the highest common divisor of n and w?
34
Suppose -947*w = -952*w - 4*v + 154, -3*v = 4*w - 12